 + 8*r**2 + 11*r + 3. Let u(d) = -d**3 - 5*d**2 - d + 4. Suppose 0 = -0*h + 3*h + 15. Let b be u(h). Is z(b) a multiple of 14?
False
Let x(h) be the second derivative of h**4/12 - h**3/6 - 2*h**2 - 8*h. Is x(5) a multiple of 15?
False
Let y(j) = -16*j + 3. Is y(-1) a multiple of 5?
False
Let m be -2 - 0 - (-1 + -1). Let x(f) = f + 16. Does 16 divide x(m)?
True
Let s(y) = y**2. Let v(n) = -2*n**2 + 14*n + 3. Let j(o) = 3*s(o) + v(o). Let d be j(-12). Let l = d + 36. Is l a multiple of 15?
True
Does 16 divide (9/(-30)*-5)/(2/68)?
False
Let t be ((-20)/25)/(2/(-95)). Suppose 2*n = 4*n - t. Is n a multiple of 19?
True
Is (-12)/(-4)*3*(-86)/(-9) a multiple of 43?
True
Suppose 2*l = -2*l - 8. Let u be (-2)/l - 6/6. Suppose u = -3*k + c + 31, 4*k - 2*c - 13 = 25. Is 12 a factor of k?
True
Let c(z) = -4*z + 14. Let x be c(-6). Let o = -24 + x. Is o a multiple of 14?
True
Let j(o) = 10*o - 1. Let l be j(1). Let f = 13 - 10. Suppose -f*i + 117 = 3*y, -7*y = -4*y + l. Is i a multiple of 16?
False
Suppose 4*g + 2*h + 17 = 3*h, -2*h = -4*g - 14. Let u(i) = i**3 + 6*i**2 + 2*i + 1. Is 16 a factor of u(g)?
True
Is 3 a factor of ((-4)/5)/((-12)/150)?
False
Suppose -8*y - y = -468. Is y a multiple of 13?
True
Let x(n) be the first derivative of -n**3/3 - 4*n**2 - 8*n + 2. Let w be x(-7). Is w/(-2) + (-65)/(-2) a multiple of 12?
False
Suppose 10*j - 221 = 9*j. Is j a multiple of 9?
False
Suppose 0 = -3*c + 17 + 40. Is c a multiple of 7?
False
Suppose -6*n + 4*n = -28. Is 11 a factor of n?
False
Let l be (-1)/3 + (-7)/(-3). Suppose 6*z - 3*z - 79 = -l*w, -2*z - 5*w = -38. Is 10 a factor of z?
False
Suppose 0 = -5*y - 5, -4*y - 41 - 5 = -2*c. Is 7 a factor of c?
True
Let s(b) = -b**3 + 9*b**2 + 5*b + 4. Let l be s(9). Suppose y - l = -5*o + 23, -y - o + 72 = 0. Does 12 divide y?
True
Suppose -c + u - 3*u + 146 = 0, -4*u - 572 = -4*c. Is 16 a factor of c?
True
Let v(g) = 4*g**2 - 6*g - 2. Let q be v(5). Suppose -2*k = 2*k - q. Is 11 a factor of k?
False
Suppose 39*i + 20 = 41*i. Does 7 divide i?
False
Is 0 - 3/(-1) - -11 a multiple of 7?
True
Let t(a) = -a**2 + 9*a - 7. Let y be t(7). Let g be (-2)/y - 4/(-14). Is 3 a factor of (-3)/(-5)*(g - -5)?
True
Let a(h) = h**3 - 4*h**2 + 6*h - 4. Is a(4) a multiple of 12?
False
Let u(y) = 6*y + 1. Let p be u(1). Let j(l) = -l**3 + 10*l**2 - 9*l - 8. Is 11 a factor of j(p)?
False
Suppose -2*x + 386 = 5*j, 5*x = 3*j - 11 - 233. Does 22 divide j?
False
Let o = 4 + 10. Let b = 38 - o. Is b a multiple of 12?
True
Let u = -41 - -21. Let p be -85*(-24)/40*(-4)/(-6). Let i = u + p. Does 7 divide i?
True
Let r(z) = 25*z**2 - 2*z + 1. Let a(d) = 6 - 2*d**2 + 3*d + d**2 + d. Let c be a(5). Does 7 divide r(c)?
False
Suppose 14 = -5*r + 84. Does 9 divide r?
False
Suppose -5*v = -0*v - 50. Suppose -v - 6 = -n. Does 16 divide n?
True
Let a(y) = -y + 44. Does 9 divide a(26)?
True
Let z(a) = 6 + a**2 - 3*a**2 + 3*a**2 + 3*a. Let x be z(-4). Is 4 a factor of (-2)/1 + x - 1?
False
Suppose 4*u - 470 = 142. Is u a multiple of 19?
False
Let o = -13 + 40. Suppose -2*p + f = -4*p + 11, -3*f = 4*p - o. Is 2 a factor of p?
False
Suppose 3 = 5*z + 8, -3*n + 445 = -4*z. Is 49 a factor of n?
True
Suppose -5*p + 152 + 23 = 0. Is 16 a factor of p?
False
Is -2 - (-29 + 4 + -4) a multiple of 4?
False
Suppose 4*u - 262 = 4*w - 9*w, 4*u = -2*w + 100. Is w a multiple of 25?
False
Let b be 3/9 - (-1)/(-3). Suppose -33 = 5*v - 2*u - u, -3*v + u - 19 = b. Let k = 37 + v. Is 12 a factor of k?
False
Suppose -q + 26 = -32. Does 20 divide q?
False
Let f = -39 + 83. Let l = f + -25. Is l a multiple of 11?
False
Suppose -4*n + 340 = 6*h - 2*h, -20 = 5*n. Does 23 divide h?
False
Suppose 4*n + 780 + 4 = 5*d, -3*n - 627 = -4*d. Is d a multiple of 26?
True
Let z(m) = 7*m + 4. Does 8 divide z(2)?
False
Suppose 0 = -3*q + 5*p + 21, -4 = -q + 3*p + 7. Suppose -q*g - g = h - 44, 0 = -2*h - 8. Is g a multiple of 14?
False
Let o(j) = j**3 - 5*j**2 + 8*j - 6. Let x be (-46)/(-4) - 4/(-8). Suppose 5*v - 15 - x = -2*k, 0 = v - 5*k. Is o(v) a multiple of 17?
True
Let i be 4/22 + 546/22. Suppose 0*t = 3*t - 3*q - 30, i = 2*t - q. Does 5 divide t?
True
Let y(s) = -8*s - 42. Does 30 divide y(-24)?
True
Let t(p) = p**3 + 5*p**2 + 3*p + 7. Let r be t(-5). Does 6 divide (27/6)/((-3)/r)?
True
Suppose 10*t + 2*t - 3024 = 0. Does 12 divide t?
True
Suppose 2*c + 3*x - 8*x = 101, -3*c = -2*x - 157. Does 3 divide c?
False
Suppose 3*q + p + 2*p = 360, 5*q - p - 594 = 0. Does 10 divide q?
False
Let h(v) = 14*v - v**2 + 3*v**2 - 3*v**2 - 10. Is h(8) a multiple of 10?
False
Let x = 6 + -3. Suppose -2*k + x*k = 15. Does 15 divide k?
True
Let h = 156 - 90. Is h a multiple of 22?
True
Let d = 2 + 2. Suppose 20 = d*f - 0*f. Let v(j) = -j**3 + 6*j**2 + j + 6. Is v(f) a multiple of 18?
True
Suppose 4*l - 5*j = 31, 5*l + 4*j - 50 = -j. Does 9 divide l?
True
Suppose 4*f + 2*q = 176, 2*f + 0*q = q + 96. Does 9 divide f?
False
Let h(y) = y**2 + 3. Let x(t) = -t - 5. Let m be x(0). Is h(m) a multiple of 14?
True
Suppose 0 - 6 = -g + 5*p, 138 = 5*g + 2*p. Suppose v - g = 17. Is 17 a factor of v?
False
Let u be (3/(0 + 3))/(-1). Let z(n) = -14*n**3 + n**2 + 2*n + 2. Is 5 a factor of z(u)?
True
Let a(v) = -v**2 - 3*v + 2. Let q be a(-2). Suppose q*h - 2*h = 28. Let f = 22 - h. Is 4 a factor of f?
True
Let o(z) = -z**2 - 7*z + 3. Let a be o(-7). Suppose 7*h = a*h + 96. Is h a multiple of 10?
False
Suppose -2*b - 33 = -3*b. Suppose 2*p + b = 5*p. Does 5 divide 2/11 + 108/p?
True
Is 14 a factor of ((-189)/28)/(2/(-8))?
False
Suppose -2*z = z - 2*l - 13, 19 = -z - 4*l. Is 21 a factor of (z - 1) + 64 + -1?
True
Let i be (-2)/4 - 637/(-14). Let v = i + -32. Does 7 divide v?
False
Let s = 37 - -61. Is s a multiple of 14?
True
Let f(d) = -d**3 + 6*d**2 - d - 3. Let i = 13 - 8. Is f(i) a multiple of 15?
False
Suppose 3*a = -5*r + 433, 2*a + 5*r = -2*a + 579. Does 57 divide a?
False
Let q be -2*(-6)/3 + -1. Suppose -q*p = -20 - 40. Does 11 divide p?
False
Let v(u) = -u**3 + 8*u**2 - 5*u - 9. Is 11 a factor of v(6)?
True
Suppose -1112 = -9*z + z. Does 26 divide z?
False
Let t = -557 - -815. Is t a multiple of 11?
False
Let v(o) = -o + 2. Let y = -28 - -9. Let q be y/4 + (-1)/4. Is v(q) a multiple of 7?
True
Let j(n) = 3*n. Let q(r) = r**3 + 5*r**2 - 2*r - 6. Let x be q(-5). Let o be j(x). Suppose 4*t - 27 = -5*i + 6*t, -o = -3*t. Is i a multiple of 7?
True
Suppose 3 = -2*q + 5*a, 0*a - a + 3 = 0. Let g be q/9*45/6. Suppose 20 = -0*u + g*u. Is u a multiple of 4?
True
Let d(g) = -32*g - 2. Is 11 a factor of d(-2)?
False
Let m(r) be the first derivative of -10*r**2 + r + 1. Suppose 0 = -a + 5*c - 2 - 14, -a + 3*c - 10 = 0. Is 11 a factor of m(a)?
False
Let c = 4 + 5. Is 13 a factor of 285/c + 1/3?
False
Let k = 9 - -4. Suppose -k - 23 = -i + 3*a, 31 = i - 2*a. Does 21 divide i?
True
Does 11 divide 1*(-2 + 1) + 70?
False
Suppose -313 = 3*w + 5*b, 7*w = 2*w - b - 529. Let j = w - -149. Is j a multiple of 15?
False
Let m be 0*-2*(-3)/(-12). Suppose -z - 3*s + 13 = m, 5*s = -5*z + s + 98. Is z a multiple of 8?
False
Suppose 14*b + 431 = 2*j + 11*b, -424 = -2*j - 4*b. Is 20 a factor of j?
False
Let o = -2 + -4. Let x(l) = -l. Let m be x(o). Let u(g) = 2*g - 1. Is u(m) a multiple of 11?
True
Suppose -4*f = -b - 177, 2*f + 5*b + 57 = 140. Is f a multiple of 11?
True
Suppose -3*y + 431 = -5*r - 124, 0 = y + r - 193. Does 10 divide y?
True
Is 10 a factor of (45/6)/((-1)/(-6))?
False
Suppose t - v = -4*t + 281, -4*v = t - 52. Is 28 a factor of t?
True
Let v(p) = -p**3 - 13*p**2 + 20*p + 20. Is 17 a factor of v(-15)?
True
Let s(v) = -v - 1. Let z be s(3). Does 12 divide 11 - z - (2 - -1)?
True
Let b(v) = 2*v**3 - 3*v**2 + 2*v - 9. Let c(s) = 5*s**3 - 5*s**2 + 4*s - 19. Let w(j) = -7*b(j) + 3*c(j). Is w(-6) a multiple of 18?
True
Suppose -4*a - 32 + 184 = 0. Is 12 a factor of a?
False
Let l(a) = a**2 - a - 7. Let v be l(-7). Suppose 4*w + 24 = 3*k + 61, -3*w + v = 2*k. Is w a multiple of 6?
False
Let z = -78 + 128. Suppose -3*i + 113 = -4*n, i + 120 = -4*n - 3*i. Let o = n + z. Is o a multiple of 8?
False
Let l = 4 + 3. Let t = -3 + l. Suppose q + 3*i = -i + 36, -t*q - 3*i = -92. Is 10 a factor of q?
True
Suppose m - 1 + 9 = 3*c, -12 = -4*c. Suppose -m = -t, 5*p - 5*t - 54 - 16 = 0. Is p a multiple of 7?
False
Let q(o) = -2*o**2 +